/a + (-376)/(-40). Suppose p + x = 4*x + 12, -4*x - k = p. What is the units digit of p?
3
Let s = 6 + 12. Let o = -5 + s. Let w = 29 - o. What is the tens digit of w?
1
Suppose -16*m + 17*m = 4. Let f(q) = -2*q**3 + 6*q**2 - 7*q + 2*q**3 - q**3 + 4. What is the units digit of f(m)?
8
Let h be (228/(-18))/((-4)/6). Suppose -83 = -2*c + g, -c + 5*g = -0*c - h. What is the tens digit of c?
4
Let n(o) = 3 - 3 + 4*o - 3. Let g be n(2). Let s = g + -2. What is the units digit of s?
3
Let s be 275 + 0 + (-6)/3. Suppose -3*x + 3*y + s = 2*x, 4*x + 3*y - 213 = 0. What is the units digit of x?
4
Let m be 68/8*(1 + 1). Suppose 3 = 5*x - m. Suppose 6 = 5*r - 3*t + t, -4*t + x = -2*r. What is the units digit of r?
2
Let i(j) be the third derivative of 5*j**4/24 + j**3/6 - 3*j**2. What is the tens digit of i(2)?
1
Let g = 8 + 16. Let f be 3*(32/6)/1. Let l = g - f. What is the units digit of l?
8
Let z(c) be the first derivative of c**4/4 + 7*c**3/3 + 3*c**2 + 7*c + 1. Suppose -4*g - 18 + 2 = 4*m, 26 = -3*g + 4*m. What is the units digit of z(g)?
7
Let a(v) = -5*v + 0 + 2*v + 1 + 4*v + 5*v**2. Suppose q - 1 = 3*m, -4*q = 4*m - 3*q + 6. What is the units digit of a(m)?
5
Suppose -y = -4*y - 6. Let d(b) = -2*b**3 - 5*b**2 + 3*b + 11. Let s(p) = p**3 + 2*p**2 - 2*p - 5. Let x(j) = -2*d(j) - 5*s(j). What is the units digit of x(y)?
3
Let r(l) = -l + 6. Let i be r(0). What is the tens digit of 45/i*(-6)/(-1)?
4
Let a(s) = s**2 + 5. Let c be a(0). Suppose x = 6*x - 25. What is the units digit of -1*c*(-2)/x?
2
What is the tens digit of ((-6)/4)/(9/(-348))?
5
Suppose -2*w + 0*w + 240 = 0. Suppose -r + w = 4*r. What is the units digit of r?
4
Let x be (-130)/(-18) + (-2)/9. Suppose -x = -5*k + 13. What is the tens digit of ((-15)/k)/(12/(-32))?
1
Suppose 3*p = -2*p - 15. Let m be (p + 1)*(-2 - 2). Let j = -5 + m. What is the units digit of j?
3
Suppose -5*i + 0*i = -615. Suppose 4*l - 5*a = i, -3*l - 3*a + 18 = -2*l. What is the units digit of l?
7
Suppose -3*u - 2 = 4*c, -2*c + 3*u - 8 = -c. Let f be -18*(-3)/12*c. Let s = f - -14. What is the units digit of s?
5
Let c(b) = b**2 + 6*b + 3. Let n be c(-6). Suppose 2*d + 13 = n*d. What is the tens digit of d?
1
Let o(d) = d**3 - 16*d**2 + 18*d + 3. What is the units digit of o(15)?
8
Suppose 29 = s + 18. Let f be (-3)/2*(-10)/3. Suppose 32 = l - 5*u - s, l + f*u + 7 = 0. What is the units digit of l?
8
Suppose -5*q - 3*o - 8 = -49, 4*q = 5*o + 55. Let k = q + 0. What is the units digit of k?
0
Let j = -4 - -1. Let a be 0 - j/((-3)/5). Let n = a - -7. What is the units digit of n?
2
Suppose 11*n - 8*n - 78 = 0. What is the tens digit of n?
2
Let d = 6 + -18. Let m = 2 - d. What is the units digit of m?
4
Suppose -5 - 79 = 7*x. Let q(c) = 3*c**2 + 12*c - 2*c**2 - 6 + 13. What is the units digit of q(x)?
7
Suppose 4*w = 7*w - 57. What is the units digit of w?
9
Suppose 2*w - 10 = 0, w + 2*w = 4*k - 81. What is the tens digit of k?
2
Let j(s) = 16*s**3 - 2*s**2 + 2*s - 1. What is the units digit of j(1)?
5
Suppose 2*j - 2*z - 47 = 3*z, -5*j + z = -83. What is the tens digit of j?
1
Let y(g) = -5 - 8*g - 7*g**2 - g**2 + g**3 + 0*g**3. Let o be y(9). Suppose -17 = -4*d - 3*f, o*f - 3*f - 19 = -4*d. What is the units digit of d?
5
What is the units digit of ((-76)/(-20) - 5)/(6/(-920))?
4
Let t(m) be the third derivative of 0*m + 1/6*m**3 - 7/24*m**4 + 0 + 2*m**2 + 1/120*m**6 - 1/10*m**5. What is the units digit of t(7)?
1
Suppose 5*a - 95 - 35 = 0. What is the units digit of 4/a - (-3360)/130?
6
Let r(z) = -18*z - 9. What is the units digit of r(-4)?
3
Suppose -16*m = -9*m - 1631. What is the tens digit of m?
3
Suppose -2*i = 1 - 3. Suppose 4*k - 3*n + i = 0, -3*k + 5*n = 5 + 4. Let v(a) = a**3 - a**2 - 2*a + 3. What is the units digit of v(k)?
3
Let l = 4 - 1. Suppose -j + c = -c - 5, 5*c + 14 = l*j. Suppose 2*s + o + o - 12 = 0, -j*s + 5*o + 26 = 0. What is the units digit of s?
7
What is the tens digit of 340/14 - (-4)/(-14)?
2
Let u(n) = -n + 9. Let w be u(7). Let d be (-15)/(-6) + w/4. Suppose m - d = 5. What is the units digit of m?
8
What is the units digit of (-17 + 57)*(-8)/(-10)?
2
Suppose -3 = 4*y + 5, -242 = -x + y. What is the units digit of x?
0
Let p(w) = -3*w**3 - 2*w**2 - w - 6. What is the units digit of p(-4)?
8
Let t be (4/(-8))/((-2)/24). Let u = t + -2. Suppose 5*y = u*j + 7, -3*y + 2 = -j - 5. What is the units digit of j?
2
Suppose q + 3*q = 0. Suppose -2*x - 2 + 38 = q. What is the tens digit of x?
1
Let v(m) = 9*m - 38. What is the tens digit of v(29)?
2
Let k(p) = -2*p - 1. Suppose 4*q = 3*x, 3*x = 2*q + q - 3. Let n be k(x). Let u = n + 0. What is the units digit of u?
7
Suppose -3*t - 4 = -7. Suppose -t = v - 6. Suppose s - 40 = -5*l, -v*l + 42 = 2*s - 3. What is the units digit of l?
7
Let g(q) = -2*q + 9. What is the units digit of g(-13)?
5
What is the tens digit of 1090/45 - 6/27?
2
Let z = 76 + -46. What is the tens digit of z?
3
Let b(l) = l**2 + 4*l + 5. What is the units digit of b(-4)?
5
Suppose -316 = 5*d - 9*d. What is the tens digit of d?
7
Let t be 11 + -5 + -2 + 0. Suppose 8 = -t*y - 4*l + 36, -y + 3*l = -7. Let j(i) = i**3 - 6*i**2 - 8*i + 10. What is the units digit of j(y)?
3
Suppose 4*g = -i + 6 + 5, -g = -5*i - 29. What is the units digit of (1 + 1)/(i/(-50))?
0
Suppose -2*o = 4*k - 114, -3*k + k + 58 = 2*o. What is the tens digit of k?
2
What is the units digit of ((-11)/6 - -2) + 3522/36?
8
Let a(r) = 2*r**2 + 10*r + 3. What is the tens digit of a(-9)?
7
Let b = 114 - 69. Let z be (b/10)/((-2)/(-12)). Suppose 2*f - z = -f. What is the units digit of f?
9
Let k(g) = 8*g**2 + 4*g + 2. What is the units digit of k(-2)?
6
Let s(g) = g**2 + 8*g. Suppose 18 = 3*f - 5*f. What is the units digit of s(f)?
9
Let v(g) = 14*g**2 - 4 + 9*g - 2*g**3 + g + 2*g + 3*g**3. What is the units digit of v(-13)?
9
What is the tens digit of 13/10*2*5?
1
Let n(u) = -8*u + 7 + 3 + u**2 - 7*u. Let y(j) = -j. Let r(h) = -n(h) + 5*y(h). What is the tens digit of r(7)?
1
Let o = -10 + -9. Let u = o - -38. What is the units digit of u?
9
Let q = -21 - -6. What is the tens digit of (156/q)/(6/(-15))?
2
Suppose s + s = 10. Suppose -2*r + 3*l - 2 = 0, 5*r - 2*l = -0*r - s. What is the units digit of (-16)/r + 0 - 1?
5
Suppose -4*w + 1 = -3*w. Suppose 5*q + 4*r = -119 + w, r = 3*q + 64. Let y = -12 - q. What is the tens digit of y?
1
Let j(y) = y + 8. Let v = 2 - -4. Let z = 6 - v. What is the units digit of j(z)?
8
Let m be 3/((-3)/2) - -12. Suppose 9*t - m = 4*t. Suppose -t*q - 18 = -5*q. What is the units digit of q?
6
Let h = 161 - 98. What is the units digit of h?
3
Let p = -4 - -37. What is the units digit of p?
3
Suppose 1 - 5 = 4*u. Let r be 2 - (0 - u) - 0. What is the units digit of (4 - 6)*-1*r?
2
Let f(y) = y**2 + y + 12. Let u(v) = -v**2 - 8*v - 7. Let t be u(-7). What is the units digit of f(t)?
2
Let g = -22 + 56. What is the units digit of g?
4
Suppose 5*c = 5*p - 510, 2*p - 3*c - 2*c - 204 = 0. What is the hundreds digit of p?
1
Let p(h) = 9*h - 8. What is the tens digit of p(4)?
2
Let l(i) = -5*i**3 - 4*i**2 - 2*i + 2. What is the tens digit of l(-2)?
3
Let z = -9 - -13. Suppose -z*v = -6*v + 2*o + 30, -5*v - 3*o + 51 = 0. What is the units digit of v?
2
Suppose -22*s = -21*s - 328. What is the units digit of s?
8
Suppose -2*i + 0*z + 26 = 5*z, -3*i - 4*z = -25. Suppose -i*a + 2*a + 3 = 0. Suppose a = 3*w - 6. What is the units digit of w?
3
Suppose 0 = -2*n - n - 27. Let q = n - -13. Suppose 0 = q*i - 9*i + 65. What is the units digit of i?
3
Let x(u) = u**3 - 6*u**2 - 9*u + 10. Let g be x(7). Let r = g + 11. What is the units digit of r?
7
Suppose -5*x + 20 = -3*d, 0*d = -5*x - d. Let n = x + -4. What is the units digit of (-12)/2*(2 + n)?
6
Let h = 4 + 3. Suppose h*w = 2*w + 10. What is the units digit of w?
2
Suppose 0 = -4*z + 3 + 5. Let r(k) = -3 + 2*k**2 + 3*k + k**3 + 4 - 11*k**z - 2*k. What is the tens digit of r(9)?
1
Let j(a) = a**3 - 5*a**2 - 4*a - 3. Let b = -12 - -18. What is the units digit of j(b)?
9
Let o(u) = 20*u**2 - 2*u - 1. What is the tens digit of o(-1)?
2
Suppose -3*a + 5 = -4*a, 3*a - 153 = -4*h. Suppose -3*m + h = -0*m. What is the tens digit of m?
1
Let t be 1*2/2*3. Suppose 8*u - 42 = -13*u. Suppose -46 = -3*h + u*m, -t*h + 40 = 4*m - 3*m. What is the ten